{"id":23,"date":"2016-04-30T11:14:41","date_gmt":"2016-04-30T11:14:41","guid":{"rendered":"http:\/\/atelier-91.com\/?page_id=23"},"modified":"2019-05-14T07:39:45","modified_gmt":"2019-05-14T07:39:45","slug":"presentation-de-latelier","status":"publish","type":"page","link":"https:\/\/atelier-91.com\/index.php\/presentation-de-latelier\/","title":{"rendered":"L&#8217;atelier"},"content":{"rendered":"<p style=\"text-align: justify;\"><img decoding=\"async\" loading=\"lazy\" class=\"alignleft size-full wp-image-150\" src=\"http:\/\/atelier-91.com\/wp-content\/uploads\/2016\/04\/A91_Pr\u00e9sentationatelier.jpg\" alt=\"A91_Pr\u00e9sentationatelier\" width=\"308\" height=\"757\" srcset=\"https:\/\/atelier-91.com\/wp-content\/uploads\/2016\/04\/A91_Pr\u00e9sentationatelier.jpg 308w, https:\/\/atelier-91.com\/wp-content\/uploads\/2016\/04\/A91_Pr\u00e9sentationatelier-122x300.jpg 122w\" sizes=\"(max-width: 308px) 100vw, 308px\" \/><\/p>\n<p style=\"text-align: justify;\">L\u2019atelier 91 offre diff\u00e9rents prestations adapt\u00e9s sp\u00e9cifiquement \u00e0 chaque objet en fonction de son \u00e9tat de conservation et de votre demande. Tout traitement, respectant les codes \u00e9thiques de la profession, ne sera mis en \u0153uvre qu\u2019apr\u00e8s proposition au mandataire et acceptation par ce dernier. Il pourra \u00e9galement \u00eatre modifi\u00e9, si besoin est, au cours de sa r\u00e9alisation. Notre souhait est de r\u00e9pondre au mieux \u00e0 vos attentes tout en pr\u00e9servant vos biens pour les g\u00e9n\u00e9rations pr\u00e9sentes et futures.<\/p>\n<p style=\"text-align: justify;\">L\u2019atelier 91 entretient une \u00e9troite collaboration avec l\u2019atelier <a href=\"http:\/\/www.ianashdown.com\/\">Ian Ashdown Museum Services<\/a> sp\u00e9cialis\u00e9 depuis plus de 40 ans en armes et armures et dont il partage les locaux. Il pourra ainsi b\u00e9n\u00e9ficier de la forte exp\u00e9rience de M. Ian Ashdown, mais \u00e9galement \u00e9changer sur les traitements les plus ad\u00e9quats pour l\u2019objet.<\/p>\n<p style=\"text-align: justify;\">Bien que d\u00e9di\u00e9 initialement aux objets m\u00e9talliques, l&#8217;atelier 91 travaille \u00e9galement sur les peintures murales, architecture et sculptures polychromes en collaboration avec l&#8217;atelier <a href=\"http:\/\/conservation-olivierguyot.ch\/\">Olivier Guyot<\/a>.<\/p>\n","protected":false},"excerpt":{"rendered":"<p>L\u2019atelier 91 offre diff\u00e9rents prestations adapt\u00e9s sp\u00e9cifiquement \u00e0 chaque objet en fonction de son \u00e9tat de conservation et de votre demande. Tout traitement, respectant les codes \u00e9thiques de la profession, ne sera mis en \u0153uvre qu\u2019apr\u00e8s proposition au mandataire et acceptation par ce dernier. Il pourra \u00e9galement \u00eatre modifi\u00e9, si besoin est, au cours de [&hellip;]<\/p>\n","protected":false},"author":1,"featured_media":0,"parent":0,"menu_order":1,"comment_status":"closed","ping_status":"closed","template":"","meta":[],"_links":{"self":[{"href":"https:\/\/atelier-91.com\/index.php\/wp-json\/wp\/v2\/pages\/23"}],"collection":[{"href":"https:\/\/atelier-91.com\/index.php\/wp-json\/wp\/v2\/pages"}],"about":[{"href":"https:\/\/atelier-91.com\/index.php\/wp-json\/wp\/v2\/types\/page"}],"author":[{"embeddable":true,"href":"https:\/\/atelier-91.com\/index.php\/wp-json\/wp\/v2\/users\/1"}],"replies":[{"embeddable":true,"href":"https:\/\/atelier-91.com\/index.php\/wp-json\/wp\/v2\/comments?post=23"}],"version-history":[{"count":8,"href":"https:\/\/atelier-91.com\/index.php\/wp-json\/wp\/v2\/pages\/23\/revisions"}],"predecessor-version":[{"id":204,"href":"https:\/\/atelier-91.com\/index.php\/wp-json\/wp\/v2\/pages\/23\/revisions\/204"}],"wp:attachment":[{"href":"https:\/\/atelier-91.com\/index.php\/wp-json\/wp\/v2\/media?parent=23"}],"curies":[{"name":"wp","href":"https:\/\/api.w.org\/{rel}","templated":true}]}}