{"id":2,"date":"2016-04-24T11:40:53","date_gmt":"2016-04-24T11:40:53","guid":{"rendered":"http:\/\/atelier-91.com\/?page_id=2"},"modified":"2019-05-14T08:17:06","modified_gmt":"2019-05-14T08:17:06","slug":"sample-page","status":"publish","type":"page","link":"https:\/\/atelier-91.com\/","title":{"rendered":""},"content":{"rendered":"<p style=\"text-align: justify;\">L\u2019atelier 91 est sp\u00e9cialis\u00e9 dans la conservation et la restauration du patrimoine m\u00e9tallique. Ses champs d\u2019activit\u00e9 s\u2019\u00e9tendent en particulier aux armes et armures anciennes ainsi qu\u2019aux biens culturels composites et pr\u00e9sentant des m\u00e9canismes.<\/p>\n<p style=\"text-align: justify;\">Nous prenons soin d\u2019\u00e9tudier chacune des demandes de mani\u00e8re sp\u00e9cifique et rigoureuse en tenant compte des probl\u00e9matiques de chaque objet.<\/p>\n<p style=\"text-align: justify;\">L\u2019atelier est dirig\u00e9 par C\u00e9lia Fontaine-Chopard, dipl\u00f4m\u00e9e HES d\u2019un master en conservation-restauration sp\u00e9cialis\u00e9 en objets scientifiques, techniques et horlogers.<\/p>\n<p><a href=\"http:\/\/atelier-91.com\/index.php\/presentation-de-latelier\/\"><img decoding=\"async\" loading=\"lazy\" class=\"alignleft wp-image-95 \" src=\"http:\/\/atelier-91.com\/wp-content\/uploads\/2016\/04\/A91_services-1.jpg\" alt=\"A91_services\" width=\"174\" height=\"442\" srcset=\"https:\/\/atelier-91.com\/wp-content\/uploads\/2016\/04\/A91_services-1.jpg 248w, https:\/\/atelier-91.com\/wp-content\/uploads\/2016\/04\/A91_services-1-118x300.jpg 118w\" sizes=\"(max-width: 174px) 100vw, 174px\" \/><\/a><a href=\" http:\/\/atelier-91.com\/index.php\/presentation\/ \u200e\"><img decoding=\"async\" loading=\"lazy\" class=\"alignleft wp-image-98 \" src=\"http:\/\/atelier-91.com\/wp-content\/uploads\/2016\/04\/A91_Pr\u00e9sentation.jpg\" alt=\"A91_Pr\u00e9sentation\" width=\"176\" height=\"441\" srcset=\"https:\/\/atelier-91.com\/wp-content\/uploads\/2016\/04\/A91_Pr\u00e9sentation.jpg 249w, https:\/\/atelier-91.com\/wp-content\/uploads\/2016\/04\/A91_Pr\u00e9sentation-120x300.jpg 120w\" sizes=\"(max-width: 176px) 100vw, 176px\" \/><\/a><a href=\"http:\/\/atelier-91.com\/index.php\/travaux-effectues\/\"><img decoding=\"async\" loading=\"lazy\" class=\"alignleft wp-image-100 \" src=\"http:\/\/atelier-91.com\/wp-content\/uploads\/2016\/04\/A91_Travauxeff.jpg\" alt=\"A91_Travauxeff\" width=\"176\" height=\"442\" srcset=\"https:\/\/atelier-91.com\/wp-content\/uploads\/2016\/04\/A91_Travauxeff.jpg 250w, https:\/\/atelier-91.com\/wp-content\/uploads\/2016\/04\/A91_Travauxeff-119x300.jpg 119w\" sizes=\"(max-width: 176px) 100vw, 176px\" \/><\/a><\/p>\n<p><a href=\" http:\/\/atelier-91.com\/index.php\/publications\/\"><img decoding=\"async\" loading=\"lazy\" class=\"alignleft wp-image-103 \" src=\"http:\/\/atelier-91.com\/wp-content\/uploads\/2016\/04\/A91_Publications.jpg\" alt=\"A91_Publications\" width=\"178\" height=\"443\" srcset=\"https:\/\/atelier-91.com\/wp-content\/uploads\/2016\/04\/A91_Publications.jpg 251w, https:\/\/atelier-91.com\/wp-content\/uploads\/2016\/04\/A91_Publications-120x300.jpg 120w\" sizes=\"(max-width: 178px) 100vw, 178px\" \/><\/a><\/p>\n<p><a href=\"http:\/\/atelier-91.com\/index.php\/sample-page\/contact\/\"><img decoding=\"async\" loading=\"lazy\" class=\"alignleft wp-image-105 \" src=\"http:\/\/atelier-91.com\/wp-content\/uploads\/2016\/04\/A91_contact.jpg\" alt=\"A91_contact\" width=\"177\" height=\"443\" srcset=\"https:\/\/atelier-91.com\/wp-content\/uploads\/2016\/04\/A91_contact.jpg 251w, https:\/\/atelier-91.com\/wp-content\/uploads\/2016\/04\/A91_contact-120x300.jpg 120w\" sizes=\"(max-width: 177px) 100vw, 177px\" \/><\/a><\/p>\n","protected":false},"excerpt":{"rendered":"<p>L\u2019atelier 91 est sp\u00e9cialis\u00e9 dans la conservation et la restauration du patrimoine m\u00e9tallique. Ses champs d\u2019activit\u00e9 s\u2019\u00e9tendent en particulier aux armes et armures anciennes ainsi qu\u2019aux biens culturels composites et pr\u00e9sentant des m\u00e9canismes. Nous prenons soin d\u2019\u00e9tudier chacune des demandes de mani\u00e8re sp\u00e9cifique et rigoureuse en tenant compte des probl\u00e9matiques de chaque objet. L\u2019atelier est [&hellip;]<\/p>\n","protected":false},"author":1,"featured_media":0,"parent":0,"menu_order":0,"comment_status":"closed","ping_status":"open","template":"","meta":[],"_links":{"self":[{"href":"https:\/\/atelier-91.com\/index.php\/wp-json\/wp\/v2\/pages\/2"}],"collection":[{"href":"https:\/\/atelier-91.com\/index.php\/wp-json\/wp\/v2\/pages"}],"about":[{"href":"https:\/\/atelier-91.com\/index.php\/wp-json\/wp\/v2\/types\/page"}],"author":[{"embeddable":true,"href":"https:\/\/atelier-91.com\/index.php\/wp-json\/wp\/v2\/users\/1"}],"replies":[{"embeddable":true,"href":"https:\/\/atelier-91.com\/index.php\/wp-json\/wp\/v2\/comments?post=2"}],"version-history":[{"count":41,"href":"https:\/\/atelier-91.com\/index.php\/wp-json\/wp\/v2\/pages\/2\/revisions"}],"predecessor-version":[{"id":216,"href":"https:\/\/atelier-91.com\/index.php\/wp-json\/wp\/v2\/pages\/2\/revisions\/216"}],"wp:attachment":[{"href":"https:\/\/atelier-91.com\/index.php\/wp-json\/wp\/v2\/media?parent=2"}],"curies":[{"name":"wp","href":"https:\/\/api.w.org\/{rel}","templated":true}]}}