{"id":8,"date":"2016-04-24T12:47:42","date_gmt":"2016-04-24T12:47:42","guid":{"rendered":"http:\/\/atelier-91.com\/?page_id=8"},"modified":"2019-05-14T07:52:16","modified_gmt":"2019-05-14T07:52:16","slug":"contact","status":"publish","type":"page","link":"http:\/\/atelier-91.com\/index.php\/contact\/","title":{"rendered":"Contact"},"content":{"rendered":"<p><img decoding=\"async\" loading=\"lazy\" class=\"alignleft size-full wp-image-132\" src=\"http:\/\/atelier-91.com\/wp-content\/uploads\/2016\/04\/A91_contct.jpg\" alt=\"A91_contct\" width=\"313\" height=\"761\" srcset=\"http:\/\/atelier-91.com\/wp-content\/uploads\/2016\/04\/A91_contct.jpg 313w, http:\/\/atelier-91.com\/wp-content\/uploads\/2016\/04\/A91_contct-123x300.jpg 123w\" sizes=\"(max-width: 313px) 100vw, 313px\" \/><\/p>\n<p style=\"padding-left: 30px;\"><strong>Atelier 91<\/strong><\/p>\n<p style=\"padding-left: 30px;\">Fontaine-Chopard C\u00e9lia<\/p>\n<p><strong>T\u00e9l\u00e9phone<\/strong> :\u00a0 0033 621 95 83 62<\/p>\n<p><strong>E-mail<\/strong> : contact@atelier-91.com<\/p>\n<p style=\"padding-left: 30px;\"><strong>Adresse postale<\/strong> : Route de Bourgogne, 11 <em>(adresse personnelle)<\/em><\/p>\n<p style=\"padding-left: 30px;\">\u00a0 \u00a0 \u00a0 \u00a0 \u00a0 \u00a0 \u00a0 \u00a0 \u00a0 \u00a0 \u00a0 \u00a0 \u00a0 \u00a0 \u00a0 \u00a0 2019 Rochefort<\/p>\n<p style=\"padding-left: 30px;\">\u00a0 \u00a0 \u00a0 \u00a0 \u00a0 \u00a0 \u00a0 \u00a0 \u00a0 \u00a0 \u00a0 \u00a0 \u00a0 \u00a0 \u00a0 \u00a0 Suisse<\/p>\n<p style=\"padding-left: 30px;\">N&#8217;h\u00e9sitez pas \u00e0 me contacter. C&#8217;est avec plaisir que je r\u00e9pondrai \u00e0 vos demandes en toute discr\u00e9tion.<\/p>\n","protected":false},"excerpt":{"rendered":"<p>Atelier 91 Fontaine-Chopard C\u00e9lia T\u00e9l\u00e9phone :\u00a0 0033 621 95 83 62 E-mail : contact@atelier-91.com Adresse postale : Route de Bourgogne, 11 (adresse personnelle) \u00a0 \u00a0 \u00a0 \u00a0 \u00a0 \u00a0 \u00a0 \u00a0 \u00a0 \u00a0 \u00a0 \u00a0 \u00a0 \u00a0 \u00a0 \u00a0 2019 Rochefort \u00a0 \u00a0 \u00a0 \u00a0 \u00a0 \u00a0 \u00a0 \u00a0 \u00a0 \u00a0 \u00a0 \u00a0 \u00a0 \u00a0 [&hellip;]<\/p>\n","protected":false},"author":1,"featured_media":0,"parent":0,"menu_order":5,"comment_status":"closed","ping_status":"closed","template":"","meta":[],"_links":{"self":[{"href":"http:\/\/atelier-91.com\/index.php\/wp-json\/wp\/v2\/pages\/8"}],"collection":[{"href":"http:\/\/atelier-91.com\/index.php\/wp-json\/wp\/v2\/pages"}],"about":[{"href":"http:\/\/atelier-91.com\/index.php\/wp-json\/wp\/v2\/types\/page"}],"author":[{"embeddable":true,"href":"http:\/\/atelier-91.com\/index.php\/wp-json\/wp\/v2\/users\/1"}],"replies":[{"embeddable":true,"href":"http:\/\/atelier-91.com\/index.php\/wp-json\/wp\/v2\/comments?post=8"}],"version-history":[{"count":12,"href":"http:\/\/atelier-91.com\/index.php\/wp-json\/wp\/v2\/pages\/8\/revisions"}],"predecessor-version":[{"id":208,"href":"http:\/\/atelier-91.com\/index.php\/wp-json\/wp\/v2\/pages\/8\/revisions\/208"}],"wp:attachment":[{"href":"http:\/\/atelier-91.com\/index.php\/wp-json\/wp\/v2\/media?parent=8"}],"curies":[{"name":"wp","href":"https:\/\/api.w.org\/{rel}","templated":true}]}}